*l**2 + 16*l - 16. What is the thousands digit of k(-12)?
1
Suppose 0 = -11*v + v + 5090. What is the hundreds digit of v?
5
Let r(g) = g**3 + 6*g**2 + 5*g - 6. Let b be r(-5). What is the tens digit of ((-446)/5)/(b/30*2)?
2
Let j(k) = -k**2 - 18*k - 11. Let a be j(-13). Suppose -8*y + 9*y - a = 0. Let z = y - 33. What is the tens digit of z?
2
Let i(a) = -3*a - 15. Let l be i(16). Let t(v) = -24*v - 2. Let u be t(-4). Let f = l + u. What is the units digit of f?
1
Let o be 4/10 - 714/35. Let l be 158/(-22) - (-2)/11. Let g = l - o. What is the tens digit of g?
1
Let y(i) = -85*i - 10. What is the units digit of y(-3)?
5
Let u be 3/(0 + (-1 - -4)) - -2. Suppose 2*p - 148 = r, 4*p - 5*p = -u*r - 74. What is the tens digit of p?
7
Suppose 4*x - 198 - 778 = 0. What is the tens digit of x?
4
Suppose 182 = -3*m - m - 2*q, 0 = 5*m + 3*q + 225. What is the units digit of -1*(-58)/(4*(-3)/m)?
2
Let j(c) = 2*c**2 - 52*c - 889. What is the tens digit of j(-18)?
9
Let i be (2 + (2 - 4))*1. Suppose -20*w + 23*w - 99 = i. What is the tens digit of w?
3
What is the hundreds digit of (51 + (0 - 1))/((-216)/(-7884))?
8
Let p(i) = -24*i + 19. What is the hundreds digit of p(-16)?
4
Let z(w) = 9*w**2 - 7*w + 3. What is the hundreds digit of z(-6)?
3
Let v(a) = 2*a - 6. Let i(m) = m. Let c(h) = -3*i(h) + v(h). Let t be c(0). What is the units digit of ((-3)/t)/((-3)/(-66))?
1
Let c(u) = 2*u**3 - 2*u**2 - u. Let a(w) = w**3 - w**2. Let z(n) = 4*a(n) - c(n). What is the units digit of z(2)?
0
What is the units digit of 2468/9 + (-82)/369?
4
Let t = -310 + 640. Let r = t + -141. What is the hundreds digit of r?
1
Suppose -8*p + 3506 = 354. What is the hundreds digit of p?
3
Suppose -2*g - 2507 = -5*l, 671 = l + 5*g + 148. Suppose m + 620 = 5*j + 4*m, l = 4*j + m. What is the hundreds digit of j?
1
Let s(t) = 68*t**2 - 30*t - 269. What is the thousands digit of s(-8)?
4
Let x be 8 - 0 - (-24)/8. Let n = 13 - x. Suppose 3*s - 2*g - 26 = -10, -48 = -5*s - n*g. What is the units digit of s?
8
Suppose -x - 5*y + 128 = 0, x + 2*y + 135 = 2*x. Suppose 7*g - x = 406. What is the tens digit of g?
7
Let k(n) = 5 + 0 + 6*n - n**2 + 2*n**2 + 1. Let o be k(-4). What is the units digit of o/(-3)*(-15)/(-10)?
1
Let z(q) = 146*q**2 - 2*q + 3. Let h be z(1). Let b = -54 + h. What is the units digit of b?
3
Let g be 22 + -2*(1 + 1). Suppose g*m = 10*m + 1208. What is the units digit of m?
1
Let x be ((-36)/2 - -3)/(-1). What is the units digit of ((-42)/x)/((-2)/110)?
4
What is the units digit of (1/(6/363))/(19/38)?
1
Let i be 6*5/(-20)*(-12)/9. Suppose 85 = i*q - 281. What is the hundreds digit of q?
1
What is the thousands digit of 971312/170 + (-28)/(-20)?
5
Suppose -29 = g + 4*u - 7, -5*g = 5*u + 35. Let p be (-2545)/(-75) - 10/(-150). What is the units digit of (g/3)/(p/(-2601))?
1
Suppose 0 = -3*v + 1500 - 219. What is the hundreds digit of v?
4
Let n = -29 - -24. What is the units digit of (n/5)/((-3)/60)?
0
Let v(r) = 15*r**2 - 19*r + 3. What is the units digit of v(-4)?
9
Suppose -5*l - 15 = 0, 4*n - 3*l + 770 = 2519. What is the hundreds digit of n?
4
Suppose -141*r = -106*r - 106190. What is the tens digit of r?
3
Let a(r) = 1 + r**2 - 2 + 0 - 6*r - 3. Let q be a(7). Suppose 4*d - 5*i - 60 = 0, -52 + 10 = -3*d + q*i. What is the units digit of d?
0
What is the units digit of (-4)/2*(-2619)/6?
3
Let g(t) = -t**2 + 15*t - 7. Let r be g(7). Let m = r - 32. What is the units digit of m?
7
Suppose -3*o + 83 = 2*o - 3*y, 5*y - 59 = -4*o. Let u = 29 - o. Let n = 22 - u. What is the units digit of n?
9
Let s = 316 - 99. Suppose -s - 31 = -4*f. What is the tens digit of f?
6
Let z = 5 + -14. Let l = z + 4. What is the tens digit of l/(20/(-66))*2?
3
Suppose -5*j + 268 = 3. Let o = -8 + j. What is the units digit of o?
5
Let d(o) = o**2 - 11*o + 24. What is the tens digit of d(10)?
1
Let d = -5 + 21. Suppose -d = -l + 5. Suppose 2*b + l = 5*b. What is the units digit of b?
7
Suppose 8*p = 5*p + 15963. What is the thousands digit of p?
5
Let a be ((-3)/(-5))/(((-28)/20)/(-7)). Suppose -205 = -a*x - 5*d, -3*x - x - d + 245 = 0. What is the tens digit of x?
6
Let c = -349 - -939. What is the tens digit of c?
9
What is the hundreds digit of ((-7884)/(-90))/((-4)/(-30))?
6
Suppose 0 = 2*c - 3*c + 71. Let a be (68/(-6))/(2/(-21)). Let j = a - c. What is the tens digit of j?
4
Suppose -2*h + 7 = 1. Suppose -4*w - h*r - 51 = 0, -4*w + 9*w + 3*r = -63. Let y = w + 13. What is the units digit of y?
1
Let t(c) = -c**2 + 2*c - 1. Let x be t(1). Suppose 2 = -3*g + 11, x = -3*s + g + 24. What is the tens digit of (s/(36/(-224)))/(-2)?
2
Suppose 0 = 13*g - 12*g - 638. What is the units digit of g?
8
Let k(w) = 13*w + 177. What is the tens digit of k(40)?
9
Suppose -71*m + 106806 + 179182 = 0. What is the units digit of m?
8
What is the hundreds digit of (-2 + 3)*444*(-15)/(-10)?
6
Let g(i) = -i - 18 - i**3 - 5*i - 1 - 8*i**2. What is the units digit of g(-9)?
6
Suppose -5*b = -b + 8, 0 = -4*m + 4*b + 16. Suppose j - m*z - 28 = 0, j - 42 = -2*z - 3*z. Suppose 0*p = p - j. What is the tens digit of p?
3
Suppose -3*s + 41 = -r, -21 = -s + 2*r + 2*r. Suppose s*i - 2072 = -i. What is the tens digit of i?
4
Let z = 471 + 973. What is the thousands digit of z?
1
Suppose 4*b + 3*h + 2*h = 21768, -2*b + 4*h = -10858. What is the tens digit of b?
3
Suppose -2*h = 3*h - 15. Let r be 5*(h + (-6)/3). Suppose 2*t = 5*u - 145, 0 = -t + r*t. What is the units digit of u?
9
Let p(l) be the second derivative of l**5/20 - l**4/6 + l**3 - 4*l**2 - 15*l. What is the tens digit of p(5)?
9
Suppose -3*p - 860 = -5*k, 5*k - 5*p - 774 = 96. Suppose -y + 16 = -k. What is the hundreds digit of y?
1
Suppose -166 = -7*g + 149. What is the units digit of (g/30)/(3/(-2) - -2)?
3
Let p(a) = -27*a - 18. Suppose -4*s + 18 = -7*s. What is the hundreds digit of p(s)?
1
Suppose -2*v + 3*a - 42 = -5*v, -4*a - 72 = -4*v. What is the units digit of v?
6
Suppose -8*j + 9*j = 5. Suppose -j*t + 188 = -t. What is the units digit of t?
7
Suppose 0*z - 10 = -z. Let n(v) = -16*v**2 - 2*v - 2*v - 13 + 7*v**2 - v + v**3. What is the tens digit of n(z)?
3
Suppose -48*j + 23*j + 19200 = 0. What is the tens digit of j?
6
What is the hundreds digit of -2 + -2 - (-697 + -5 + -1)?
6
Suppose 3*z = 3*a - 132, 3*a + 155 = -5*z + z. Let s = -45 + 30. Let b = s - z. What is the units digit of b?
6
Suppose -5*n = 2*k + 252, -4*k + 49 = -n + 3. Let s = n + 89. What is the tens digit of s?
3
Let m be 542/5 + 12/20. Let v = 3 + m. What is the tens digit of v?
1
Suppose -2*p = f - 4188, -32*f = -5*p - 31*f + 10456. What is the thousands digit of p?
2
What is the units digit of (-4730)/10*(-3 - -5)/(-2)?
3
Suppose 2*i - i = 0. Suppose 2*y = 5*v + 4*y - 59, i = -2*v + 5*y + 12. What is the units digit of v?
1
Let l(k) be the second derivative of -k**6/360 - 7*k**5/120 + k**4/12 + k**3 - 2*k. Let v(i) be the second derivative of l(i). What is the units digit of v(-6)?
8
Let w = -8 - -14. Let x(i) = 2*i + 0*i - 1 - 1 + w*i**2 + 0. What is the units digit of x(1)?
6
Suppose 0 = -10*v + 6571 - 161. What is the units digit of v?
1
Let f be 196/(-8) - 2/4. Suppose 3*s - 16 + 160 = 2*q, -5*s - 240 = 3*q. Let o = f - s. What is the tens digit of o?
2
Let f = -846 + 1577. Suppose -5*v + f + 689 = 0. What is the units digit of v?
4
Let a(b) = -3 + 5 + 4*b**3 - b**2 - 2*b - b**2 + 0*b. What is the tens digit of a(2)?
2
Suppose -2*a - 1 = -1897. What is the tens digit of a?
4
Let x(m) = -m + 2. Let w be x(-4). Let a be w/(6*(-3)/(-12)). What is the units digit of 0 - (-8*a + 1)?
1
Suppose -z + 0*z - 2*v + 3 = 0, -4*z + 3 = -v. Suppose -3 = x - z. Let i(s) = -2*s**3 + s**2 - 2*s - 3. What is the tens digit of i(x)?
2
Let d be 430/90 + 4/18. Suppose 76 = -d*j + 611. What is the tens digit of j?
0
Let g be 6*((-21)/6)/(-7). Let u be 36 - (6/g - 3). Suppose -5*f + 73 = -a, -f = 2*f - 4*a - u. What is the units digit of f?
5
Let h be 2/15 - (-168)/90. Let l be 111/h*(-6)/(-9). What is the tens digit of (l/(-4))/((-2)/8)?
3
Suppose 5*u - 9*u = 80. Let a = u - 1. What is the tens digit of (a/4)/(12/(-112))?
4
Let n(h) = -126*h + 206. What is the thousands digit of n(-17)?
2
Let f(d) = 3*d**2 + 2*d. Let m be f(-2). Let q(l) = 5 + 5 + m*l - 6 - 3 - l**2. What is the units digi